{"id":120,"date":"2012-07-03T10:31:11","date_gmt":"2012-07-03T10:31:11","guid":{"rendered":"http:\/\/tejo-rupestre.com\/?page_id=120"},"modified":"2012-08-03T11:25:11","modified_gmt":"2012-08-03T11:25:11","slug":"a-geracao-do-tejo","status":"publish","type":"page","link":"http:\/\/tejo-rupestre.com\/?page_id=120","title":{"rendered":"A Gera\u00e7\u00e3o do Tejo"},"content":{"rendered":"<p style=\"text-align: justify;\">Durante pouco mais de 2 anos, at\u00e9 Abril de 1974, o GEPP (Grupo de Estudos do Paleol\u00edtico Portugu\u00eas) com uma equipa de estudantes da Faculdade de Letras da Universidade de Lisboa, sob a coordena\u00e7\u00e3o program\u00e1tica de Eduardo da Cunha Serr\u00e3o com o pr\u00f3prio GEPP, trabalhou intensamente na regi\u00e3o, prospetando ambas as margens do Tejo entre a foz do Ocreza, a jusante, e a foz do Sever, a montante.<\/p>\n<p style=\"text-align: justify;\">Foram ent\u00e3o detetadas v\u00e1rias concentra\u00e7\u00f5es de gravuras rupestres ao longo deste vasto territ\u00f3rio (e at\u00e9 para al\u00e9m dele), de que merecem destaque os s\u00edtios de Fratel, do Cach\u00e3o do Algarve, de Gardete (todos em Vila Velha de R\u00f3d\u00e3o) e de S. Sim\u00e3o (Nisa). Entre estes n\u00facleos principais, h\u00e1 uma solu\u00e7\u00e3o de continuidade atrav\u00e9s de muitas centenas de gravuras dispersas por outros n\u00facleos de menor densidade de grava\u00e7\u00f5es, como sejam os de Ficalho, Lomba da Barca, Alagadouro, Ch\u00e3o da Velha e outros. A crista quartz\u00edtica das Portas de R\u00f3d\u00e3o, um monumento natural fendido pelas \u00e1guas do Tejo, configura uma esp\u00e9cie de <em>axis-mundi<\/em> simb\u00f3lico sensivelmente a meio deste vast\u00edssimo territ\u00f3rio rupestre.<\/p>\n<p style=\"text-align: justify;\">Com o apoio do Estado e da Funda\u00e7\u00e3o Calouste Gulbenkian e sabendo-se que a maior parte das gravuras ficariam submersas, foram realizadas v\u00e1rias campanhas de levantamento, tendo-se ent\u00e3o aplicado uma metodologia de registo arqueol\u00f3gico que procurou documentar o mais exaustivamente poss\u00edvel tudo o que ent\u00e3o se descobria.<\/p>\n<p style=\"text-align: justify;\">As rochas decoradas, algumas com diversos pain\u00e9is, foram numeradas e exaustivamente inventariadas em fichas descritivas, fotografadas, topografadas e moldadas. Privilegiou-se na altura a moldagem em l\u00e1tex em detrimento do decalque direto, que seria muito mais moroso, oferecendo os moldes a vantagem de se ficar com uma c\u00f3pia dos pain\u00e9is gravados, o que at\u00e9 permitiria a sua duplica\u00e7\u00e3o futura.<\/p>\n<p style=\"text-align: justify;\">A moldagem em l\u00e1tex foi pois a principal t\u00e9cnica de registo que ent\u00e3o foi aplicada na arte do Tejo. \u00c9 ainda hoje a principal fonte documental da maior parte destas gravuras e a base para a obten\u00e7\u00e3o dos atuais desenhos e r\u00e9plicas das rochas historiadas.<\/p>\n<p style=\"text-align: justify;\">Por estas inolvid\u00e1veis campanhas de trabalho arqueol\u00f3gico no Vale do Tejo passou toda uma gera\u00e7\u00e3o de jovens arque\u00f3logos que aqui sedimentariam as suas voca\u00e7\u00f5es. Este grupo, de entusiastas primeiro e logo depois de arque\u00f3logos, ficou conhecido como a \u201cGera\u00e7\u00e3o do Tejo\u201d.<\/p>\n<p style=\"text-align: justify;\">\n\n\t\t<div class='et-image-slider et_sliderfx_fade et_sliderauto_true et_sliderauto_speed_5000 et_slidertype_images'>\n\t\t\t<div class='et-image-slides'>\n\t\t\t\t<div class='et-tabs-content-wrapper'>\n\t\t\t\t\t<div class='et_slidecontent et-image-slide'><img loading=\"lazy\" decoding=\"async\" src=\"http:\/\/tejo-rupestre.com\/wp-content\/uploads\/2012\/07\/Trabalhos-em-Fratel02-211.jpg\" alt=\"\" width=\"800\" height=\"510\" srcset=\"http:\/\/tejo-rupestre.com\/wp-content\/uploads\/2012\/07\/Trabalhos-em-Fratel02-211.jpg 800w, http:\/\/tejo-rupestre.com\/wp-content\/uploads\/2012\/07\/Trabalhos-em-Fratel02-211-300x191.jpg 300w\" sizes=\"(max-width: 800px) 100vw, 800px\" \/><span class='et-image-overlay'> <\/span><\/div>\u00a0\n\t\t<div class='et_slidecontent et-image-slide'><img loading=\"lazy\" decoding=\"async\" src=\"http:\/\/tejo-rupestre.com\/wp-content\/uploads\/et_temp\/Portas-do-R\u00f3d\u00e3o-2005-206-183593_800x510.jpg\" alt=\"\" width=\"800\" height=\"510\" \/><span class='et-image-overlay'> <\/span><\/div>\n\t\t<div class='et_slidecontent et-image-slide'><img loading=\"lazy\" decoding=\"async\" src=\"http:\/\/tejo-rupestre.com\/wp-content\/uploads\/et_temp\/Na-esta\u00e7\u00e3o-de-Frtael-1973-220-157610_800x510.jpg\" alt=\"\" width=\"800\" height=\"510\" \/><span class='et-image-overlay'> <\/span><\/div>\n\t\t<div class='et_slidecontent et-image-slide'><img loading=\"lazy\" decoding=\"async\" src=\"http:\/\/tejo-rupestre.com\/wp-content\/uploads\/et_temp\/Moldando-rocha-F-155-192-142208_800x510.jpg\" alt=\"\" width=\"800\" height=\"510\" \/><span class='et-image-overlay'> <\/span><\/div>\n\t\t<div class='et_slidecontent et-image-slide'><img loading=\"lazy\" decoding=\"async\" src=\"http:\/\/tejo-rupestre.com\/wp-content\/uploads\/et_temp\/Moldagens-1973-219-242727_800x510.jpg\" alt=\"\" width=\"800\" height=\"510\" \/><span class='et-image-overlay'> <\/span><\/div>\n\t\t<div class='et_slidecontent et-image-slide'><img loading=\"lazy\" decoding=\"async\" src=\"http:\/\/tejo-rupestre.com\/wp-content\/uploads\/et_temp\/Moldagem-C.Algarve-198-204778_800x510.jpg\" alt=\"\" width=\"800\" height=\"510\" \/><span class='et-image-overlay'> <\/span><\/div>\n\t\t<div class='et_slidecontent et-image-slide'><img loading=\"lazy\" decoding=\"async\" src=\"http:\/\/tejo-rupestre.com\/wp-content\/uploads\/et_temp\/Moldagem-C.Algarve-188-201974_800x510.jpg\" alt=\"\" width=\"800\" height=\"510\" \/><span class='et-image-overlay'> <\/span><\/div>\n\t\t<div class='et_slidecontent et-image-slide'><img loading=\"lazy\" decoding=\"async\" src=\"http:\/\/tejo-rupestre.com\/wp-content\/uploads\/et_temp\/Limpeza-da-r.-F-155-213-200823_800x510.jpg\" alt=\"\" width=\"800\" height=\"510\" \/><span class='et-image-overlay'> <\/span><\/div>\n\t\t<div class='et_slidecontent et-image-slide'><img loading=\"lazy\" decoding=\"async\" src=\"http:\/\/tejo-rupestre.com\/wp-content\/uploads\/et_temp\/Invent\u00e1rio-e-numera\u00e7\u00e3o-Fratel-1973-201-170140_800x510.jpg\" alt=\"\" width=\"800\" height=\"510\" \/><span class='et-image-overlay'> <\/span><\/div>\n\t\t<div class='et_slidecontent et-image-slide'><img loading=\"lazy\" decoding=\"async\" src=\"http:\/\/tejo-rupestre.com\/wp-content\/uploads\/et_temp\/Fotografia-em-Fratel01-197-184254_800x510.jpg\" alt=\"\" width=\"800\" height=\"510\" \/><span class='et-image-overlay'> <\/span><\/div>\n\t\t<div class='et_slidecontent et-image-slide'><img loading=\"lazy\" decoding=\"async\" src=\"http:\/\/tejo-rupestre.com\/wp-content\/uploads\/2012\/07\/Fotografia-em-Fratel01-196.jpg\" alt=\"\" width=\"800\" height=\"510\" \/><span class='et-image-overlay'> <\/span><\/div>\n\t\t<div class='et_slidecontent et-image-slide'><img loading=\"lazy\" decoding=\"async\" src=\"http:\/\/tejo-rupestre.com\/wp-content\/uploads\/et_temp\/Fotografia-em-Fratel01-194-194619_800x510.jpg\" alt=\"\" width=\"800\" height=\"510\" \/><span class='et-image-overlay'> <\/span><\/div>\n\t\t<div class='et_slidecontent et-image-slide'><img loading=\"lazy\" decoding=\"async\" src=\"http:\/\/tejo-rupestre.com\/wp-content\/uploads\/et_temp\/Equipa-Espera-comboio-para-Fratel-214-144803_800x510.jpg\" alt=\"\" width=\"800\" height=\"510\" \/><span class='et-image-overlay'> <\/span><\/div>\n\t\t<div class='et_slidecontent et-image-slide'><img loading=\"lazy\" decoding=\"async\" src=\"http:\/\/tejo-rupestre.com\/wp-content\/uploads\/et_temp\/Equipa-a-caminho-S.Sim\u00e3o-215-162404_800x510.jpg\" alt=\"\" width=\"800\" height=\"510\" \/><span class='et-image-overlay'> <\/span><\/div>\n\t\t<div class='et_slidecontent et-image-slide'><img loading=\"lazy\" decoding=\"async\" src=\"http:\/\/tejo-rupestre.com\/wp-content\/uploads\/et_temp\/Com-Anati-em-Fratel-na-155-221-206188_800x510.jpg\" alt=\"\" width=\"800\" height=\"510\" \/><span class='et-image-overlay'> <\/span><\/div>\n\t\t<div class='et_slidecontent et-image-slide'><img loading=\"lazy\" decoding=\"async\" src=\"http:\/\/tejo-rupestre.com\/wp-content\/uploads\/et_temp\/Aparando-um-molde-no-C.Algarve-190-175094_800x510.jpg\" alt=\"\" width=\"800\" height=\"510\" \/><span class='et-image-overlay'> <\/span><\/div>\n\t\t\t\t<\/div>\n\t\t\t<\/div>\n\t\t<\/div>\n\t\t\n","protected":false},"excerpt":{"rendered":"<p>Durante pouco mais de 2 anos, at\u00e9 Abril de 1974, o GEPP (Grupo de Estudos do Paleol\u00edtico Portugu\u00eas) com uma equipa de estudantes da Faculdade de Letras da Universidade de Lisboa, sob a coordena\u00e7\u00e3o program\u00e1tica de Eduardo da Cunha Serr\u00e3o com o pr\u00f3prio GEPP, trabalhou intensamente na regi\u00e3o, prospetando ambas as margens do Tejo entre [&hellip;]<\/p>\n","protected":false},"author":1,"featured_media":0,"parent":39,"menu_order":2,"comment_status":"closed","ping_status":"open","template":"page-full.php","meta":{"_et_pb_use_builder":"","_et_pb_old_content":"","_et_gb_content_width":"","footnotes":""},"class_list":["post-120","page","type-page","status-publish","hentry"],"_links":{"self":[{"href":"http:\/\/tejo-rupestre.com\/index.php?rest_route=\/wp\/v2\/pages\/120","targetHints":{"allow":["GET"]}}],"collection":[{"href":"http:\/\/tejo-rupestre.com\/index.php?rest_route=\/wp\/v2\/pages"}],"about":[{"href":"http:\/\/tejo-rupestre.com\/index.php?rest_route=\/wp\/v2\/types\/page"}],"author":[{"embeddable":true,"href":"http:\/\/tejo-rupestre.com\/index.php?rest_route=\/wp\/v2\/users\/1"}],"replies":[{"embeddable":true,"href":"http:\/\/tejo-rupestre.com\/index.php?rest_route=%2Fwp%2Fv2%2Fcomments&post=120"}],"version-history":[{"count":16,"href":"http:\/\/tejo-rupestre.com\/index.php?rest_route=\/wp\/v2\/pages\/120\/revisions"}],"predecessor-version":[{"id":247,"href":"http:\/\/tejo-rupestre.com\/index.php?rest_route=\/wp\/v2\/pages\/120\/revisions\/247"}],"up":[{"embeddable":true,"href":"http:\/\/tejo-rupestre.com\/index.php?rest_route=\/wp\/v2\/pages\/39"}],"wp:attachment":[{"href":"http:\/\/tejo-rupestre.com\/index.php?rest_route=%2Fwp%2Fv2%2Fmedia&parent=120"}],"curies":[{"name":"wp","href":"https:\/\/api.w.org\/{rel}","templated":true}]}}

A Geração do Tejo

<p style="text-align: justify;">Durante pouco mais de 2 anos, até Abril de 1974, o GEPP (Grupo de Estudos do Paleolítico Português) com uma equipa de estudantes da Faculdade de Letras da Universidade de Lisboa, sob a coordenação programática de Eduardo da Cunha Serrão com o próprio GEPP, trabalhou intensamente na região, prospetando ambas as margens do Tejo entre a foz do Ocreza, a jusante, e a foz do Sever, a montante.</p>
<p style="text-align: justify;">Foram então detetadas várias concentrações de gravuras rupestres ao longo deste vasto território (e até para além dele), de que merecem destaque os sítios de Fratel, do Cachão do Algarve, de Gardete (todos em Vila Velha de Ródão) e de S. Simão (Nisa). Entre estes núcleos principais, há uma solução de continuidade através de muitas centenas de gravuras dispersas por outros núcleos de menor densidade de gravações, como sejam os de Ficalho, Lomba da Barca, Alagadouro, Chão da Velha e outros. A crista quartzítica das Portas de Ródão, um monumento natural fendido pelas águas do Tejo, configura uma espécie de <em>axis-mundi</em> simbólico sensivelmente a meio deste vastíssimo território rupestre.</p>
<p style="text-align: justify;">Com o apoio do Estado e da Fundação Calouste Gulbenkian e sabendo-se que a maior parte das gravuras ficariam submersas, foram realizadas várias campanhas de levantamento, tendo-se então aplicado uma metodologia de registo arqueológico que procurou documentar o mais exaustivamente possível tudo o que então se descobria.</p>
<p style="text-align: justify;">As rochas decoradas, algumas com diversos painéis, foram numeradas e exaustivamente inventariadas em fichas descritivas, fotografadas, topografadas e moldadas. Privilegiou-se na altura a moldagem em látex em detrimento do decalque direto, que seria muito mais moroso, oferecendo os moldes a vantagem de se ficar com uma cópia dos painéis gravados, o que até permitiria a sua duplicação futura.</p>
<p style="text-align: justify;">A moldagem em látex foi pois a principal técnica de registo que então foi aplicada na arte do Tejo. É ainda hoje a principal fonte documental da maior parte destas gravuras e a base para a obtenção dos atuais desenhos e réplicas das rochas historiadas.</p>
<p style="text-align: justify;">Por estas inolvidáveis campanhas de trabalho arqueológico no Vale do Tejo passou toda uma geração de jovens arqueólogos que aqui sedimentariam as suas vocações. Este grupo, de entusiastas primeiro e logo depois de arqueólogos, ficou conhecido como a “Geração do Tejo”.</p>
<p style="text-align: justify;">

		<div class='et-image-slider et_sliderfx_fade et_sliderauto_true et_sliderauto_speed_5000 et_slidertype_images'>
			<div class='et-image-slides'>
				<div class='et-tabs-content-wrapper'>
					<div class='et_slidecontent et-image-slide'><img loading="lazy" decoding="async" src="http://tejo-rupestre.com/wp-content/uploads/2012/07/Trabalhos-em-Fratel02-211.jpg" alt="" width="800" height="510" srcset="http://tejo-rupestre.com/wp-content/uploads/2012/07/Trabalhos-em-Fratel02-211.jpg 800w, http://tejo-rupestre.com/wp-content/uploads/2012/07/Trabalhos-em-Fratel02-211-300x191.jpg 300w" sizes="(max-width: 800px) 100vw, 800px" /><span class='et-image-overlay'> </span></div> 
		<div class='et_slidecontent et-image-slide'><img loading="lazy" decoding="async" src="http://tejo-rupestre.com/wp-content/uploads/et_temp/Portas-do-Ródão-2005-206-183593_800x510.jpg" alt="" width="800" height="510" /><span class='et-image-overlay'> </span></div>
		<div class='et_slidecontent et-image-slide'><img loading="lazy" decoding="async" src="http://tejo-rupestre.com/wp-content/uploads/et_temp/Na-estação-de-Frtael-1973-220-157610_800x510.jpg" alt="" width="800" height="510" /><span class='et-image-overlay'> </span></div>
		<div class='et_slidecontent et-image-slide'><img loading="lazy" decoding="async" src="http://tejo-rupestre.com/wp-content/uploads/et_temp/Moldando-rocha-F-155-192-142208_800x510.jpg" alt="" width="800" height="510" /><span class='et-image-overlay'> </span></div>
		<div class='et_slidecontent et-image-slide'><img loading="lazy" decoding="async" src="http://tejo-rupestre.com/wp-content/uploads/et_temp/Moldagens-1973-219-242727_800x510.jpg" alt="" width="800" height="510" /><span class='et-image-overlay'> </span></div>
		<div class='et_slidecontent et-image-slide'><img loading="lazy" decoding="async" src="http://tejo-rupestre.com/wp-content/uploads/et_temp/Moldagem-C.Algarve-198-204778_800x510.jpg" alt="" width="800" height="510" /><span class='et-image-overlay'> </span></div>
		<div class='et_slidecontent et-image-slide'><img loading="lazy" decoding="async" src="http://tejo-rupestre.com/wp-content/uploads/et_temp/Moldagem-C.Algarve-188-201974_800x510.jpg" alt="" width="800" height="510" /><span class='et-image-overlay'> </span></div>
		<div class='et_slidecontent et-image-slide'><img loading="lazy" decoding="async" src="http://tejo-rupestre.com/wp-content/uploads/et_temp/Limpeza-da-r.-F-155-213-200823_800x510.jpg" alt="" width="800" height="510" /><span class='et-image-overlay'> </span></div>
		<div class='et_slidecontent et-image-slide'><img loading="lazy" decoding="async" src="http://tejo-rupestre.com/wp-content/uploads/et_temp/Inventário-e-numeração-Fratel-1973-201-170140_800x510.jpg" alt="" width="800" height="510" /><span class='et-image-overlay'> </span></div>
		<div class='et_slidecontent et-image-slide'><img loading="lazy" decoding="async" src="http://tejo-rupestre.com/wp-content/uploads/et_temp/Fotografia-em-Fratel01-197-184254_800x510.jpg" alt="" width="800" height="510" /><span class='et-image-overlay'> </span></div>
		<div class='et_slidecontent et-image-slide'><img loading="lazy" decoding="async" src="http://tejo-rupestre.com/wp-content/uploads/2012/07/Fotografia-em-Fratel01-196.jpg" alt="" width="800" height="510" /><span class='et-image-overlay'> </span></div>
		<div class='et_slidecontent et-image-slide'><img loading="lazy" decoding="async" src="http://tejo-rupestre.com/wp-content/uploads/et_temp/Fotografia-em-Fratel01-194-194619_800x510.jpg" alt="" width="800" height="510" /><span class='et-image-overlay'> </span></div>
		<div class='et_slidecontent et-image-slide'><img loading="lazy" decoding="async" src="http://tejo-rupestre.com/wp-content/uploads/et_temp/Equipa-Espera-comboio-para-Fratel-214-144803_800x510.jpg" alt="" width="800" height="510" /><span class='et-image-overlay'> </span></div>
		<div class='et_slidecontent et-image-slide'><img loading="lazy" decoding="async" src="http://tejo-rupestre.com/wp-content/uploads/et_temp/Equipa-a-caminho-S.Simão-215-162404_800x510.jpg" alt="" width="800" height="510" /><span class='et-image-overlay'> </span></div>
		<div class='et_slidecontent et-image-slide'><img loading="lazy" decoding="async" src="http://tejo-rupestre.com/wp-content/uploads/et_temp/Com-Anati-em-Fratel-na-155-221-206188_800x510.jpg" alt="" width="800" height="510" /><span class='et-image-overlay'> </span></div>
		<div class='et_slidecontent et-image-slide'><img loading="lazy" decoding="async" src="http://tejo-rupestre.com/wp-content/uploads/et_temp/Aparando-um-molde-no-C.Algarve-190-175094_800x510.jpg" alt="" width="800" height="510" /><span class='et-image-overlay'> </span></div>
				</div>
			</div>
		</div>

<p>Durante pouco mais de 2 anos, até Abril de 1974, o GEPP (Grupo de Estudos do Paleolítico Português) com uma equipa de estudantes da Faculdade de Letras da Universidade de Lisboa, sob a coordenação programática de Eduardo da Cunha Serrão com o próprio GEPP, trabalhou intensamente na região, prospetando ambas as margens do Tejo entre [&hellip;]</p>
