{"id":31,"date":"2012-03-31T17:44:31","date_gmt":"2012-03-31T17:44:31","guid":{"rendered":"http:\/\/tejo-rupestre.com\/?page_id=31"},"modified":"2012-09-27T10:32:50","modified_gmt":"2012-09-27T10:32:50","slug":"estacoesnucleossitios","status":"publish","type":"page","link":"http:\/\/tejo-rupestre.com\/?page_id=31","title":{"rendered":"N\u00facleo de Gardete"},"content":{"rendered":"<h2 style=\"text-align: center;\"><\/h2>\n<p style=\"text-align: justify;\">Localizado na margem direita, pouco antes da foz do Ocreza, \u00e9 o s\u00edtio mais a jusante do complexo de arte rupestre do Tejo. Por estar j\u00e1 fora da influ\u00eancia da barragem de Fratel, o s\u00edtio \u00e9 visit\u00e1vel. Concentra pouco mais de duas dezenas de rochas gravadas, na sua maioria com uma tem\u00e1tica com representa\u00e7\u00f5es geom\u00e9tricas e abstractas (mas com raros podomorfos) enquadr\u00e1veis no \u00faltimo per\u00edodo cronol\u00f3gico da arte do Tejo.<\/p>\n<p>&nbsp;<\/p>\n\n\t\t<div class='et-image-slider et_sliderfx_fade et_sliderauto_true et_sliderauto_speed_5000 et_slidertype_images'>\n\t\t\t<div class='et-image-slides'>\n\t\t\t\t<div class='et-tabs-content-wrapper'>\n\t\t\t\t\t<div class='et_slidecontent et-image-slide'><img loading=\"lazy\" decoding=\"async\" src=\"http:\/\/tejo-rupestre.com\/wp-content\/uploads\/et_temp\/1_gardete_site-138239_800x510.jpg\" alt=\"\" width=\"800\" height=\"510\" \/><span class='et-image-overlay'> <\/span><\/div>\u00a0\n\t\t<div class='et_slidecontent et-image-slide'><img loading=\"lazy\" decoding=\"async\" src=\"http:\/\/tejo-rupestre.com\/wp-content\/uploads\/et_temp\/2_gardete_site-264118_800x510.jpg\" alt=\"\" width=\"800\" height=\"510\" \/><span class='et-image-overlay'> <\/span><\/div>\n\t\t<div class='et_slidecontent et-image-slide'><img loading=\"lazy\" decoding=\"async\" src=\"http:\/\/tejo-rupestre.com\/wp-content\/uploads\/et_temp\/3_gardete_site-145243_800x510.jpg\" alt=\"\" width=\"800\" height=\"510\" \/><span class='et-image-overlay'> <\/span><\/div>\n\t\t<div class='et_slidecontent et-image-slide'><img loading=\"lazy\" decoding=\"async\" src=\"http:\/\/tejo-rupestre.com\/wp-content\/uploads\/et_temp\/4_gardete_site-260392_800x510.jpg\" alt=\"\" width=\"800\" height=\"510\" \/><span class='et-image-overlay'> <\/span><\/div>\n\t\t<div class='et_slidecontent et-image-slide'><img loading=\"lazy\" decoding=\"async\" src=\"http:\/\/tejo-rupestre.com\/wp-content\/uploads\/et_temp\/5_gardete_site-268750_800x510.jpg\" alt=\"\" width=\"800\" height=\"510\" \/><span class='et-image-overlay'> <\/span><\/div>\n\t\t<div class='et_slidecontent et-image-slide'><img loading=\"lazy\" decoding=\"async\" src=\"http:\/\/tejo-rupestre.com\/wp-content\/uploads\/et_temp\/6_gardete_site-199329_800x510.jpg\" alt=\"\" width=\"800\" height=\"510\" \/><span class='et-image-overlay'> <\/span><\/div>\n\t\t<div class='et_slidecontent et-image-slide'><img loading=\"lazy\" decoding=\"async\" src=\"http:\/\/tejo-rupestre.com\/wp-content\/uploads\/et_temp\/7_gardete_site-288893_800x510.jpg\" alt=\"\" width=\"800\" height=\"510\" \/><span class='et-image-overlay'> <\/span><\/div>\n\t\t<div class='et_slidecontent et-image-slide'><img loading=\"lazy\" decoding=\"async\" src=\"http:\/\/tejo-rupestre.com\/wp-content\/uploads\/et_temp\/8_gardete_site-196933_798x510.jpg\" alt=\"\" width=\"800\" height=\"510\" \/><span class='et-image-overlay'> <\/span><\/div>\n\t\t<div class='et_slidecontent et-image-slide'><img loading=\"lazy\" decoding=\"async\" src=\"http:\/\/tejo-rupestre.com\/wp-content\/uploads\/et_temp\/9_gardete_site-200507_800x510.jpg\" alt=\"\" width=\"800\" height=\"510\" \/><span class='et-image-overlay'> <\/span><\/div>\n\t\t\t\t<\/div>\n\t\t\t<\/div>\n\t\t<\/div>\n\t\t\n<div><\/div>\n<p>&nbsp;<\/p>\n<h2 style=\"text-align: center;\"><\/h2>\n","protected":false},"excerpt":{"rendered":"<p>Localizado na margem direita, pouco antes da foz do Ocreza, \u00e9 o s\u00edtio mais a jusante do complexo de arte rupestre do Tejo. Por estar j\u00e1 fora da influ\u00eancia da barragem de Fratel, o s\u00edtio \u00e9 visit\u00e1vel. Concentra pouco mais de duas dezenas de rochas gravadas, na sua maioria com uma tem\u00e1tica com representa\u00e7\u00f5es geom\u00e9tricas [&hellip;]<\/p>\n","protected":false},"author":1,"featured_media":0,"parent":27,"menu_order":0,"comment_status":"closed","ping_status":"open","template":"page-full.php","meta":{"_et_pb_use_builder":"","_et_pb_old_content":"","_et_gb_content_width":"","footnotes":""},"class_list":["post-31","page","type-page","status-publish","hentry"],"_links":{"self":[{"href":"http:\/\/tejo-rupestre.com\/index.php?rest_route=\/wp\/v2\/pages\/31","targetHints":{"allow":["GET"]}}],"collection":[{"href":"http:\/\/tejo-rupestre.com\/index.php?rest_route=\/wp\/v2\/pages"}],"about":[{"href":"http:\/\/tejo-rupestre.com\/index.php?rest_route=\/wp\/v2\/types\/page"}],"author":[{"embeddable":true,"href":"http:\/\/tejo-rupestre.com\/index.php?rest_route=\/wp\/v2\/users\/1"}],"replies":[{"embeddable":true,"href":"http:\/\/tejo-rupestre.com\/index.php?rest_route=%2Fwp%2Fv2%2Fcomments&post=31"}],"version-history":[{"count":24,"href":"http:\/\/tejo-rupestre.com\/index.php?rest_route=\/wp\/v2\/pages\/31\/revisions"}],"predecessor-version":[{"id":313,"href":"http:\/\/tejo-rupestre.com\/index.php?rest_route=\/wp\/v2\/pages\/31\/revisions\/313"}],"up":[{"embeddable":true,"href":"http:\/\/tejo-rupestre.com\/index.php?rest_route=\/wp\/v2\/pages\/27"}],"wp:attachment":[{"href":"http:\/\/tejo-rupestre.com\/index.php?rest_route=%2Fwp%2Fv2%2Fmedia&parent=31"}],"curies":[{"name":"wp","href":"https:\/\/api.w.org\/{rel}","templated":true}]}}