{"id":39,"date":"2012-03-31T17:49:07","date_gmt":"2012-03-31T17:49:07","guid":{"rendered":"http:\/\/tejo-rupestre.com\/?page_id=39"},"modified":"2012-08-03T15:20:00","modified_gmt":"2012-08-03T15:20:00","slug":"a-descoberta","status":"publish","type":"page","link":"http:\/\/tejo-rupestre.com\/?page_id=39","title":{"rendered":"A Descoberta"},"content":{"rendered":"<p style=\"text-align: justify;\">\u201cFoi no dia 31 de Outubro de 1971 que se confirmou o achado, t\u00e3o importante, da arte rupestre tagana. Era um domingo, de manh\u00e3: uma manh\u00e3 lind\u00edssima, cujo c\u00e9u j\u00e1 o disse algures, era di\u00e1fano, como o c\u00e9u da Caldeia, uma manh\u00e3 admir\u00e1vel de Outono, preparat\u00f3rio de um belo Ver\u00e3o de S\u00e3o Martinho. Tudo era calmo \u2026 e foi ent\u00e3o que se deu esse facto not\u00e1vel de penetrarmos num passado, durante milhares de anos \u00e0 vista de toda a gente, e de que ningu\u00e9m falara, ningu\u00e9m conheceu.<\/p>\n<p style=\"text-align: justify;\">\n<p>Entr\u00e1vamos em comunica\u00e7\u00e3o com o povo misterioso que gravou aquelas pedras. Coisa extraordin\u00e1ria, num dos dias mais maravilhosos da minha vida!\u201d<\/p>\n<p>&nbsp;<\/p>\n<p>Paulo Carat\u00e3o Soromenho<\/p>\n<p style=\"text-align: justify;\">\n\t\t\t<div class='et-tabs-container et_sliderfx_fade et_sliderauto_false et_sliderauto_speed_5000 et_slidertype_top_tabs'>\n\t\t\t\t<div class='et_slidecontent et-image-slide'><img loading=\"lazy\" decoding=\"async\" src=\"http:\/\/tejo-rupestre.com\/wp-content\/uploads\/et_temp\/panoramica-216204_960x633.jpg\" alt=\"\" width=\"960\" height=\"633\" \/><span class='et-image-overlay'> <\/span><\/div>\n\t\t\t<\/div><\/p>\n","protected":false},"excerpt":{"rendered":"<p>\u201cFoi no dia 31 de Outubro de 1971 que se confirmou o achado, t\u00e3o importante, da arte rupestre tagana. Era um domingo, de manh\u00e3: uma manh\u00e3 lind\u00edssima, cujo c\u00e9u j\u00e1 o disse algures, era di\u00e1fano, como o c\u00e9u da Caldeia, uma manh\u00e3 admir\u00e1vel de Outono, preparat\u00f3rio de um belo Ver\u00e3o de S\u00e3o Martinho. Tudo era [&hellip;]<\/p>\n","protected":false},"author":1,"featured_media":0,"parent":0,"menu_order":0,"comment_status":"closed","ping_status":"open","template":"page-full.php","meta":{"_et_pb_use_builder":"","_et_pb_old_content":"","_et_gb_content_width":"","footnotes":""},"class_list":["post-39","page","type-page","status-publish","hentry"],"_links":{"self":[{"href":"http:\/\/tejo-rupestre.com\/index.php?rest_route=\/wp\/v2\/pages\/39","targetHints":{"allow":["GET"]}}],"collection":[{"href":"http:\/\/tejo-rupestre.com\/index.php?rest_route=\/wp\/v2\/pages"}],"about":[{"href":"http:\/\/tejo-rupestre.com\/index.php?rest_route=\/wp\/v2\/types\/page"}],"author":[{"embeddable":true,"href":"http:\/\/tejo-rupestre.com\/index.php?rest_route=\/wp\/v2\/users\/1"}],"replies":[{"embeddable":true,"href":"http:\/\/tejo-rupestre.com\/index.php?rest_route=%2Fwp%2Fv2%2Fcomments&post=39"}],"version-history":[{"count":48,"href":"http:\/\/tejo-rupestre.com\/index.php?rest_route=\/wp\/v2\/pages\/39\/revisions"}],"predecessor-version":[{"id":64,"href":"http:\/\/tejo-rupestre.com\/index.php?rest_route=\/wp\/v2\/pages\/39\/revisions\/64"}],"wp:attachment":[{"href":"http:\/\/tejo-rupestre.com\/index.php?rest_route=%2Fwp%2Fv2%2Fmedia&parent=39"}],"curies":[{"name":"wp","href":"https:\/\/api.w.org\/{rel}","templated":true}]}}

<p style="text-align: justify;">“Foi no dia 31 de Outubro de 1971 que se confirmou o achado, tão importante, da arte rupestre tagana. Era um domingo, de manhã: uma manhã lindíssima, cujo céu já o disse algures, era diáfano, como o céu da Caldeia, uma manhã admirável de Outono, preparatório de um belo Verão de São Martinho. Tudo era calmo … e foi então que se deu esse facto notável de penetrarmos num passado, durante milhares de anos à vista de toda a gente, e de que ninguém falara, ninguém conheceu.</p>
<p style="text-align: justify;">
<p>Entrávamos em comunicação com o povo misterioso que gravou aquelas pedras. Coisa extraordinária, num dos dias mais maravilhosos da minha vida!”</p>
<p>&nbsp;</p>
<p>Paulo Caratão Soromenho</p>
<p style="text-align: justify;">
			<div class='et-tabs-container et_sliderfx_fade et_sliderauto_false et_sliderauto_speed_5000 et_slidertype_top_tabs'>
				<div class='et_slidecontent et-image-slide'><img loading="lazy" decoding="async" src="http://tejo-rupestre.com/wp-content/uploads/et_temp/panoramica-216204_960x633.jpg" alt="" width="960" height="633" /><span class='et-image-overlay'> </span></div>
			</div></p>

<p>“Foi no dia 31 de Outubro de 1971 que se confirmou o achado, tão importante, da arte rupestre tagana. Era um domingo, de manhã: uma manhã lindíssima, cujo céu já o disse algures, era diáfano, como o céu da Caldeia, uma manhã admirável de Outono, preparatório de um belo Verão de São Martinho. Tudo era [&hellip;]</p>
